 digit of c?
7
Suppose 4*p = 18*p - 70. Let z be (p/15)/(2/36)*-1. What is the units digit of 3 + z + (-287 - 1)/(-3)?
3
Suppose 2*u - 4*o - 6 = 0, 40*u - 39*u - 4*o = 3. Suppose -u*c - 29 = -17, -3*c = 3*a - 5469. What is the thousands digit of a?
1
Suppose -3*f = 5*o - f - 336, -4*f + 78 = o. Let x be (-4)/12 + o/9 + -2. Suppose 0 = 6*t - x*t - 33. What is the units digit of t?
3
Suppose 0 = -b - 2*v + 10, -4*v + v + 30 = 3*b. Suppose -5*k - 5*q = -10, 5*k - b + 0 = 3*q. What is the units digit of k?
2
What is the tens digit of 8 + 337110/17 + -5?
3
Let d(l) = -52*l + 68. Let x(a) = -13*a + 17. Let y be ((-5)/15)/(1/12*-2). Let u(c) = y*d(c) - 9*x(c). What is the units digit of u(7)?
4
Let q(u) = 554*u**3 - 6*u**2 + 6*u - 2. Let r(g) = -54*g + 325. Let m be r(6). What is the hundreds digit of q(m)?
5
Suppose -2082078 = -128*c - 43*c - 504090. What is the hundreds digit of c?
2
Suppose 2*v = -v, 4*v + 4812 = 3*i. What is the tens digit of i?
0
Suppose 18*o - 15*o = 1653. Suppose -47 + o = -4*x. Let h = 110 - x. What is the units digit of h?
6
Let u(c) = c**3 + 16*c**2 - 20*c - 2. Let n be 418/(-33) - 8/6. What is the tens digit of u(n)?
7
Suppose -41*y + 95897 = -137352. What is the hundreds digit of y?
6
Let m = -40 - -36. Let s(o) = -10*o**3 + 5*o**2 - 6*o - 12. Let g be s(m). Let l = 1036 - g. What is the units digit of l?
4
Let x = 8188 - 8187. Suppose -4*v = -0 - 4. What is the tens digit of -2*(-37 - (v - x))?
7
Suppose 17*h - 460 + 18 = 0. Let z be 3*(-218)/(-12) - (-1)/2. Let u = z - h. What is the tens digit of u?
2
Let s(w) = 5952*w**2 - 7*w - 6. What is the thousands digit of s(-1)?
5
Suppose 0 = -86*k + 115183 + 287383. What is the hundreds digit of k?
6
Let i(g) = -13625*g - 2918. What is the ten thousands digit of i(-5)?
6
Suppose 2*c = 5*o - 4609, -c + 1591 = 2*o - 249. Suppose -3*t = 3*p - 1434, -t + o = t - 5*p. What is the hundreds digit of t?
4
Let g = 3 - -2. Let a be (-403 - g)/1 + 0. Let k = -250 - a. What is the units digit of k?
8
Let h(j) = -798*j - 207. What is the hundreds digit of h(-8)?
1
Suppose -39*v + 87718 = 1333. What is the hundreds digit of v?
2
Let s be (2 + 0)/((-24)/(-3) - 10). Let g = 3 + -13. What is the units digit of s*2*380/g?
6
Let k(u) = -u**3 - 2*u**2. Let c be k(-2). Let b = 7116 + -7027. Suppose i - b = -c*i. What is the tens digit of i?
8
Suppose -2*k = -2*h + 3530, -3*h - 5*k = -7*h + 7061. What is the thousands digit of h?
1
Let z be (6/9)/(-1 - 20/(-24)). Let i(y) = -7*y**3 + 3*y**2 - 15*y - 30. What is the hundreds digit of i(z)?
5
Suppose 2*l - 620 = 52. Suppose 2*j - 72 = -0*v - v, 4*v - 4*j - l = 0. Suppose -v = d - 3*d. What is the tens digit of d?
4
Let k = 14 + 49. Let b = k + -46. Let z(m) = m**3 - 18*m**2 + 23*m + 10. What is the tens digit of z(b)?
1
What is the tens digit of (((-64160)/(-12))/5)/(4/156)?
0
Let o(q) = 317*q**3 - 19*q**2 + 76*q + 3. What is the thousands digit of o(5)?
9
Let p(z) = 4*z + 30. Let x be p(-7). Suppose 0 = x*u + 8 - 106. What is the tens digit of u?
4
Suppose 2*k = 5*l + 13, 0*l - 26 = -3*k + l. Suppose 13*u - k*u - 5508 = 0. Suppose 5*h + 4*h = u. What is the hundreds digit of h?
1
Suppose -3*y = -g + 1, 4*y = -4*g + 3 + 1. Let j be 0 - (-399 + 1 + y). Let b = j - 272. What is the tens digit of b?
2
Let d(i) = -i**2 + 5*i + 93. Let x be d(36). Let s = -210 - x. What is the units digit of s?
3
Suppose 4 = 4*b, 3*u + 4*b = 9928 + 53613. What is the tens digit of u?
7
Let r = -12 + 19. Suppose -a - r*t - 8 = -3*t, -2*a - 28 = -4*t. What is the tens digit of (-9)/a*(83 - 3)?
6
Let b(l) = -4*l + 4. Let v be b(1). Suppose v*t - t - 65 = 4*z, -3*t = 5*z + 230. What is the tens digit of (-68)/t*(-1090)/(-4)?
1
Suppose -113521 - 470651 = -27*w. What is the ten thousands digit of w?
2
What is the ten thousands digit of 85896/3 - (-15 + 22)?
2
Suppose -m + 8 = 0, 190417 = 3*d - 1502*m + 1501*m. What is the thousands digit of d?
3
Let m be (-1)/(-10)*3394 - 18/(-30). Let a = 161 - m. What is the tens digit of 2 - (a + (-20)/4)?
8
Suppose 0 = -5*d - 10. What is the units digit of (787 - 21)*(-2)/d?
6
Let d(z) = 126*z**2 - 60*z**2 - 20*z - 64*z**2 - 79. What is the tens digit of d(23)?
1
Let f = 96248 + -61299. What is the thousands digit of f?
4
Let m be 6/63*-3*-7. Suppose 0 = -2*h + m, -s - s = -2*h - 6. What is the units digit of 13 - (-6)/s*12/9?
5
Let n = -88 - -25. Let m = n + 79. Let b = m - -22. What is the units digit of b?
8
Let r(q) = -4190*q - 200. What is the tens digit of r(-3)?
7
Let c(h) be the second derivative of -23*h**3/2 + 47*h**2/2 + 23*h + 1. What is the hundreds digit of c(-16)?
1
Let b(w) = w**3 - 16*w**2 - 16*w + 25. Suppose -14*s + 18*s - 208 = 0. Let z = s - 35. What is the tens digit of b(z)?
4
Let f(w) = 3*w - 31. Let u be f(11). Suppose u*n - 5*a = 211, 0 = n - 5*a - 148 + 30. What is the units digit of n?
3
Let b = -20790 - -36895. What is the units digit of b?
5
Let i = 19362 - 11427. What is the thousands digit of i?
7
Let a be (9/6)/(4/8). Let v(p) = 4*p**2 + 4*p - 7. Let u be v(a). Let j = u - 5. What is the tens digit of j?
3
Suppose -14*s + 56042 + 81606 = 0. What is the hundreds digit of s?
8
Let w(t) = 7*t + 23. Let m be w(-3). What is the tens digit of m*1*(4242/12 + -8)?
9
Suppose 2*i = 3*o + 62583, i + 3*o - 31443 = -174. What is the hundreds digit of i?
2
Let h = -7392 + 16858. What is the hundreds digit of h?
4
Suppose 3650975 = 230*r - 45*r. What is the units digit of r?
5
Let l be (7 - 6) + 1 + 18/2. Suppose -4733 = -l*g + 1207. What is the units digit of g?
0
Suppose t + r - 4689 + 503 = 0, -4*r = -5*t + 20957. What is the hundreds digit of t?
1
Let o(t) = 2373*t**2 + 50*t + 87. What is the units digit of o(-3)?
4
Let b be 0 + (2 - 0/1). Let q(j) = -79*j - 233. Let y be q(-3). Suppose b*h = -5*s + 12, -h = -y*h - 12. What is the units digit of s?
4
Suppose -s + 2*s - a = -312, 0 = -3*s + a - 940. Let t be (-8 - (-5)/1) + s/(-2). Let b = t + 46. What is the tens digit of b?
0
Let v(m) = -46*m - 5. Suppose 5*b = -5*g - 100, -2*b - 14 = -5*g - 2. Let t be (-3)/8 + 42/b. What is the tens digit of v(t)?
3
Let z be (-6 + -6)/(3/10). What is the tens digit of (-2)/(z/6090) + 2/4?
0
Suppose 4116 = 7*d + 2625. What is the hundreds digit of d?
2
Let b = 2521 + 1807. What is the tens digit of b?
2
Suppose -183*z + 621864 = -310704. What is the tens digit of z?
9
Let q = -31385 + 52867. What is the tens digit of q?
8
Let w(q) = 41*q + 499. What is the hundreds digit of w(75)?
5
Let c be 1/(-8) - (-605)/40. Suppose 5*o = c, 0*j = 2*j + o - 1577. Suppose 3*r = 5*f + j, -3*r + 1032 = -f + 253. What is the units digit of r?
9
Suppose 0 = -76*x + 64*x + 144. Suppose -4769 = -3*l + 2*d, 2*d + d = -x. What is the units digit of l?
7
Let b(o) = 13*o**3 - o**2 + 2*o - 3. Let c be b(2). Let t = 2223 + -2219. Suppose 3*w + c = t*w - 5*x, 5*x - 263 = -3*w. What is the tens digit of w?
9
Suppose -2*v = 2*d - 2731 - 109281, 6*d = -30. What is the tens digit of v?
1
Suppose -g - d + 18144 = -366, -d - 92508 = -5*g. What is the ten thousands digit of g?
1
Let u = 584 - -7105. What is the hundreds digit of u?
6
Let f = 1776 + -880. Suppose k + f = 4*d, -672 = -3*d + 4*k + k. What is the tens digit of d?
2
Suppose z + 5 = 2*z. Suppose 0 = z*i - i + 5*w - 60, -3*w = -i - 2. Suppose i*k = 5*k + 430. What is the units digit of k?
6
Let n = -19 - -21. Let u be (8 + -6)*n/(-4). What is the units digit of ((-9)/(-27))/(u/(-21))?
7
Let s(g) be the first derivative of 3 + 12*g + 0*g**3 + 0*g**2 - 1/4*g**4. What is the tens digit of s(0)?
1
Suppose 62477 - 20825 = 12*f. What is the units digit of f?
1
Suppose 27 = 10*d - 3. Suppose -3*f - 19 = 3*i - 4*i, -2*f = -d*i + 1. What is the tens digit of 42/f*(20/(-12) + -1)?
1
What is the tens digit of (3 - (-198)/(-60)) + 2089692/440?
4
Let q = -74 + 72. What is the units digit of ((-835)/10 + -3)/(q/8)?
6
Let d(v) = -17*v**3 + 5*v**2 - 114*v - 17. What is the hundreds digit of d(-13)?
6
Let z(m) = 8*m**2 + 6*m**2 - 8 - 10*m - 18*m**2 + m**3. What is the units digit of z(7)?
9
What is the thousands digit of 16/(-5)*(-8490)/4?
6
Let k = -550 - -738. Suppose -189*m = -k*m - 477. What is the hundreds digit of m?
4
Suppose -k + 11 = 7. Let z be (-12)/k + 8/(2 + 0). What is the tens digit of (2/z)/(-3 - (-582)/